vative of w**6/120 + w**5/12 - 7*w**4/24 - w**3 - 2*w**2. What is u(v)?
0
Let n(t) = -t**3 - 7*t**2 - 8*t - 5. Suppose 0*m - 15 = -3*m. Suppose -7*b + m*b - 10 = 0. Give n(b).
-15
Let p(j) = -5*j + 5 + 2*j + 0 + 6*j**3 - 3 - 5*j**3 - 3*j**2. Give p(3).
-7
Let c(u) = -u**2 + 6*u. Let h be c(5). Let x be 4/(-6)*(-75)/10. Let v(g) = -x*g - 1 + 9*g**2 + 6*g**2 - g**3 - 9*g**2. Calculate v(h).
-1
Let s(y) = -y**2 - 3*y - 5. Let k be s(-2). Let w(d) = 2*d. Determine w(k).
-6
Let j(y) = y**2 + y - 6. Let s be 0 + (-2)/(-2) - -1. Let x be (-10)/s*(-9)/(-9). Give j(x).
14
Let q be (-1)/((-2)/8) + -2. Let g be -2*(q/(-1))/(-2). Let o(c) = 4*c + 3. Let k(s) = -12*s - 10. Let b(f) = g*k(f) - 7*o(f). What is b(4)?
-17
Let v = -396 + 404. Let i(u) = -2*u + 13. Calculate i(v).
-3
Let o(a) be the first derivative of -a**5/120 + a**4/8 + 29*a**3/3 - 7. Let t(m) be the third derivative of o(m). Determine t(-5).
8
Let l(o) = o**2 + o + 1. Let p(i) = 3*i**2 + 9*i + 7. Let y(j) = -4*l(j) + p(j). Let r be 2/11 + 40/(-220). Let a(v) = -5*v + 5. Let g be a(r). Give y(g).
3
Let y(u) = 5 + 2*u - 16 + 5 - 18. Give y(7).
-10
Let k(z) = 34 - z**2 - 2 - 17 - 3*z. Calculate k(-6).
-3
Let m(y) = 36*y + 3. Let g(t) = -34*t - 4. Let l(r) = 4*g(r) + 5*m(r). Calculate l(1).
43
Let x(k) = 11*k**2 - 5*k - 2. Let n(m) = 24*m**2 - 11*m - 4. Let f(p) = 6*n(p) - 13*x(p). What is f(1)?
2
Let r(w) = w**2 - 3*w - 4. Suppose -l = 4*l - 3*q - 32, 3*l = -4*q - 4. Suppose -7*j = -l*j - 12. Calculate r(j).
0
Suppose 4*m = m + 51. Suppose 10 = -2*s, -w - m = -0*w + 2*s. Let o(c) = -c**3 - 6*c**2 + 6*c - 6. Give o(w).
1
Let w(u) = 2*u**2 + 3*u + 1. Let b be w(-2). Suppose -2*a - b*j - 1 = 0, 3*j - 10 + 1 = 0. Let d(x) = x**2 - 222*x + 110*x + 2 + 115*x. What is d(a)?
12
Let c(y) = -y**2 - 3*y - 1. Let x(a) = -a**2 + 23*a - 26. Let i = 117 + -95. Let m be x(i). Calculate c(m).
-5
Let v(n) be the first derivative of -2*n**3/3 + 2*n**2 + 9*n + 584. Give v(5).
-21
Let n(w) = -270*w - 275. Let o be n(-1). Let z(q) be the first derivative of q**2/2 - 2*q + 1. Give z(o).
-7
Let z(d) = -d**3 + 6*d**2 - 5*d + 2. Let k be z(5). Suppose j = 3*c - 6*c, -4*c = -4*j. Let r(p) = j*p - 4*p + 2*p. Give r(k).
-4
Suppose -21 = 3*m + 4*v, 0 = 4*v - 2*v. Let u(g) = 3*g + 7. Determine u(m).
-14
Let g(v) be the second derivative of v**6/360 + v**5/24 + 5*v**4/24 - 3*v**3/2 + 4*v. Let p(j) be the second derivative of g(j). What is p(-5)?
5
Let t be (1*-2)/(4 - 2). Let w be 22/33 - (2/(-3))/t. Let c(d) = -d**3 - d**2 - 4. Determine c(w).
-4
Let i(x) = 4*x**2 + x - 9. Let g be i(-3). Let f(p) = -19 + p + 42 - g. What is f(-5)?
-6
Let w(h) = -h**3 - h**2 - h + 1. Suppose 3*l - 3 = 3. Let b(c) = 4*c**3 - 3*c**2 - 2*c + 3. Let k(f) = l*w(f) - b(f). Give k(1).
-6
Let z(f) = -3*f**3 - 3*f**2 - 4*f - 4. Let x(d) = -3*d**3 - 4*d**2 - 5*d - 5. Let l(k) = 5*x(k) - 6*z(k). What is l(2)?
13
Let g be 0*-2*(-2)/(-8). Let a(k) = k**2 + 68*k + g*k**2 - 69*k. Let l = 0 + 2. Determine a(l).
2
Let l(s) be the third derivative of s**4/12 + 2*s**3 + s**2 - 4*s. Give l(-8).
-4
Let l(o) = o**2 + 4*o + 4. Let z = 0 - 15. Let x = z - -18. Suppose -x*c - 2*p - 11 = -4*p, -18 = 4*c - p. Give l(c).
9
Let d(y) be the first derivative of 0*y - 3/2*y**2 + 2 + 2/3*y**3. Suppose 2*z - 22 = -5*l, l + 20*z - 16*z = 26. Calculate d(l).
2
Let k(r) = -3*r**2 - 2*r + 1. Suppose -3*l - 165 = -5*b, 145 = 7*b - 2*b + l. Let s be 6/4 - (-15)/b. Suppose 7*f - s*f = 5. Calculate k(f).
-4
Let y = -10 + 14. Let f(u) = 3 - y + u + 1. Determine f(6).
6
Let v(q) = q**3 - 4*q**2 - 5*q + 1. Let b be v(5). Let k = -3 - b. Let z(y) = -y + 10. Let c(i) = 5. Let a(f) = 5*c(f) - 2*z(f). Determine a(k).
-3
Let l(w) = 4*w**2 + 3*w - 1. Suppose -26 = 4*g - 34. Let k be (3/(-2)*g)/(6/(-4)). What is l(k)?
21
Let a be (-1)/(-12)*(42 - 40). Let d(y) be the third derivative of 0*y**4 - 1/30*y**6 + 5*y**2 + 0*y + 0 - a*y**3 + 1/30*y**5. Calculate d(1).
-3
Let l(t) = t**3 - 2*t**2 - t - 1. Let s(i) = -8*i - 317. Let z be s(-40). What is l(z)?
5
Suppose -11*z + 12*z + 2*q = 1, -z - 34 = -5*q. Let o(n) = 9*n + 85. Calculate o(z).
4
Let t(i) = i - 4. Let x(f) = 4*f**2 + 2*f + 3. Let g be x(-1). Let q(w) = w - 3. Let s(j) = g*t(j) - 6*q(j). Determine s(3).
-5
Let q(g) be the first derivative of g**3/3 + 3*g**2/2 - 4*g + 65. Calculate q(-5).
6
Let q(z) = -z**3 + 7*z**2 - 6*z. Let p be 3848/(-60) - 6/(-45). Let a = 70 + p. Give q(a).
0
Let c(o) = 4*o + 1. Let v be c(1). Let m(t) be the second derivative of 3*t**2 + 7*t + 0 - 1/3*t**3. Determine m(v).
-4
Suppose m - 26 = 4*h, -h - 21 = -4*m + 23. Let d(l) = -2*l + 21. Determine d(m).
1
Let z(o) = 3*o**2 - 9*o - 1. Suppose -3684*s + 56 = -3676*s. Calculate z(s).
83
Let k(v) = -7*v**3 + 5739*v**2 + 4 - v - 3 - 5738*v**2. Let n be 2*((-10)/(-4) + -2). Calculate k(n).
-6
Let b(j) = j**2 - 26*j + 38. Let v be b(22). Let t be ((-5)/v - 6/10)*0. Let i(l) = l + 17. What is i(t)?
17
Let q(g) = g - 8*g - 5*g**2 - 4*g**2 + 5*g**2 + 5*g. Determine q(-1).
-2
Let v(l) = 2*l**2 + 3*l - 3. Suppose -19*d = -9*d - 30. Calculate v(d).
24
Let z be 2/4*(12 + -8). Suppose g + 0*g - 4*v - z = 0, 0 = 5*g + v + 11. Let d(n) = 3*n**2 - n - 2. Give d(g).
12
Let f(b) = b**2 - 5*b + 1. Let d(g) = -4*g - 10. Let h be d(-4). Suppose -i - h = -20. Suppose -9*p = -i*p + 25. Give f(p).
1
Let t = -17 - 19. Let r be 1/(-3)*t/6. Let h(g) = 3*g**2 + 0*g**r + 9*g**2 - 7*g**2. What is h(-1)?
5
Let t(s) = -s**3 + 2*s**2 - 2*s + 4. Let g(l) be the second derivative of -l**5/20 - 5*l**4/4 + 9*l**3 + 3*l**2/2 + 3*l. Let d be g(-18). Calculate t(d).
-11
Let h(i) = -10*i + 15. Let n(r) = 2*r - 2. Let b(g) = h(g) + 4*n(g). Determine b(5).
-3
Suppose -2*y + 15 = 1. Let l(u) = 4*u - 4. Give l(y).
24
Let r(t) be the first derivative of t**4/4 + 8*t**3/3 - 6*t - 6. Let w be ((-19)/(-57))/(1/(-24)). Determine r(w).
-6
Let u(q) be the first derivative of -8*q**3/3 - q**2/2 - q - 142. Determine u(-1).
-8
Let a = 6 - 6. Suppose 3*u - u - 10 = a. Let y(z) = -14*z + 92 - 83 + u*z - 5*z**2 + z**3. Determine y(6).
-9
Let m(w) = -w**3 + w**2. Let v be -3*(0 + 2 + 0). Let k(i) = i + 7. Let o be k(v). Give m(o).
0
Let c be (-68)/11 + 12/66. Let r(w) = w. Let f be r(c). Let i(l) = 0 - 3*l**2 + 2*l**2 - 2 + 3 - 6*l. Give i(f).
1
Suppose -4*y - 5*d = -0*y - 277, -3*d - 201 = -3*y. Let l = y + -66. Let j(b) = -b**3 + 2*b**2 - b - 2. Give j(l).
-4
Let k(i) be the second derivative of 2*i + 1/4*i**4 + 0*i**2 + 0*i**3 + 0. Let n = -5 + 6. Determine k(n).
3
Let j be (4 - 1)/(4/4). Suppose -12 = -3*b, 0 = -3*x - j*b - b + 10. Let m(n) = -n**3 - n**2 + n + 2. Calculate m(x).
4
Let k(s) be the third derivative of s**7/2520 - s**6/72 + s**5/40 - 19*s**4/24 + 20*s**2. Let m(f) be the second derivative of k(f). Give m(9).
-6
Let c(l) = -2*l**3 - 18*l**2 + l - 7. Let s = -1241 + 1232. What is c(s)?
-16
Suppose -12*l - 14 = 34. Let q(t) = -t**3 - 5*t**2 - t + 4. Give q(l).
-8
Let s be 2/((-15)/(360/16)). Let w(h) = h**3 + 2*h**2 - 1. Give w(s).
-10
Let q be (-4)/1 + (-273)/(-39). Let t(w) be the second derivative of -1/6*w**q - w + 0 + 7/2*w**2. Calculate t(6).
1
Let j(h) = 629*h**2 + 1 - 629*h**2 - h - h**3. Calculate j(2).
-9
Let a(m) = m**2 - 7*m - 8. Suppose -5*u = 2*v + v - 75, -30 = -2*u - 4*v. Let t be (-20)/8*(-36)/u. What is a(t)?
-14
Let y(w) = -11*w**2 + w - 1. Suppose 3*q - 15*n + 13*n = 1, 2*q = -n + 3. What is y(q)?
-11
Let t(m) = 2*m**3 + m**2 - 3*m - 1. Let q = 18 - 18. Let z be 0 - (1*-12)/2. Suppose q = z*a - a + 10. Determine t(a).
-7
Let m(k) = k + 1. Let p(g) = 5*g + 10. Let n(d) = -20*d - 41. Let o(y) = 2*n(y) + 9*p(y). Let h(x) = 6*m(x) - o(x). Give h(0).
-2
Suppose 2*t + 2*t - 8 = 0. Let j(s) = -s + s**t - 4*s + 0*s. Let i be ((-3)/(18/8))/(((-196)/(-42))/(-14)). Give j(i).
-4
Let r = -2803/3 + 935. Let b(d) be the first derivative of 1/4*d**4 - d**2 + 1 - r*d**3 - 3*d. What is b(-2)?
-15
Let y(v) = -v**2 - 30*v - 20. Let g be y(-29). Let n(d) = -d**2 + 12*d - 12. What is n(g)?
15
Let m(h) = -700*h + 1 + 1386*h - 697*h. Calculate m(3).
-32
Suppose 7 - 47 = -5*z + 5*x, -z = x. Let j(t) = -9*t**2 - 15*t**2 - 1 + t + 25*t**2 - z. Calculate j(-5).
15
Suppose -2*d = -17*d + 120. Let i(f) = -f**2 + 10*f - 11. Calculate i(d).
5
Let i(g) = -2*g + 3*g + 244 - 246 + g + g. What is i(-3)?
-11
Let s(w